a**2 - 9*a**2 + 19*a. Let b be s(4). What is the highest common factor of 34 and b?
34
Suppose 0 = -2*i + 89 - 17. Suppose 5*n = -2*w + 102, 2*n + 13 - 49 = -2*w. Suppose n*l - 112 = -6*l. Calculate the highest common factor of l and i.
4
Let w(s) = 52*s - 622. Let o be w(13). Let l = 53 + 37. Calculate the greatest common factor of o and l.
18
Let x(l) = -193*l - 589. Let w be x(-4). Calculate the greatest common factor of 9516 and w.
183
Let g be -1 + 7 + 3 + -1. Suppose 243 = -2*m + 105. Let w = 73 + m. Calculate the highest common factor of g and w.
4
Suppose 4*z = -8, -9*z = 5*f - 5*z - 30077. What is the greatest common divisor of f and 11?
11
Suppose -126*a = -132*a + 2904. Let w = 829 - a. What is the greatest common divisor of 30 and w?
15
Let c(b) = 10*b**3 + b**2 - 4*b + 5. Let x be c(2). Suppose 3*y = 3*z - 21 + x, -4*z + 16 = 0. What is the highest common divisor of 3 and y?
3
Let j be (2/(-5))/((-395)/100725). Let f(d) = 8*d**2 + 2. Let r be f(-2). What is the greatest common factor of r and j?
34
Let q be 6/(-15) + 2478/295. Calculate the greatest common divisor of 196 and q.
4
Let a = 183 - 183. Suppose 5*g = 4*k + 1, 7 = 2*k - a*g - g. What is the greatest common divisor of 3 and k?
3
Suppose 26*k - 4*l = 30*k - 13880, 5*l = -3*k + 10400. What is the greatest common factor of k and 350?
25
Let g = -11375 - -16910. Calculate the greatest common factor of g and 82.
41
Let m be (-3)/(3 - 9)*8. Suppose -9*u = -244 - 269. Suppose -19 = -m*l + u. What is the greatest common factor of 171 and l?
19
Let r be 8*((-3)/(-2))/3. Suppose 264*v = -383*v + 116460. Calculate the highest common divisor of v and r.
4
Let g(r) = -16*r + 1078. Let t be g(51). What is the greatest common factor of t and 6419?
131
Let m be (-1 + 119)/(6/(-27)). Let d be m/2*(-42)/63. Calculate the greatest common factor of 236 and d.
59
Let o = 11638 - 11548. What is the highest common divisor of o and 2502?
18
Let n be ((-6)/9)/(4 + (2 - 3244/540)). What is the greatest common factor of n and 1140?
30
Suppose 139*r + 340*r - 1988329 = 0. Calculate the greatest common factor of 7 and r.
7
Let j be (-1666)/(-4) - (-18)/12. Let h = j - 202. Suppose -2*w + w = -h. What is the highest common factor of 24 and w?
24
Suppose -206*i = -139*i + 206*i - 2068248. What is the greatest common divisor of 16 and i?
8
Suppose 32*w - 26*w = 24. Let z = -12 + 11. Let q be (0 - z)*((3 - -11) + 6). Calculate the greatest common factor of w and q.
4
Let v(a) = -a - 1. Let h be v(0). Let i be -5 + (2 - 2) + h. Let c(m) = m**3 + 6*m**2 + 3. Let f be c(i). Calculate the highest common divisor of f and 2.
1
Suppose -63 = -3*y + 9. Let l be (324/(-42) - -6)*56/16. Let n(g) = g**3 + 4*g**2 - 8*g + 33. Let q be n(l). Calculate the highest common factor of q and y.
3
Let d be 5649/27 - 4/18 - -1. Let g be (0 - d)/(4 - (-36)/(-6)). What is the greatest common divisor of 45 and g?
15
Let k(c) = -c**3 - 4*c**2 - 6*c - 2. Let x be k(-7). Let u(a) = 18 - 16*a - 60 + 27. Let n be u(-2). What is the greatest common factor of x and n?
17
Suppose 96*c + 3*o - 576 = 92*c, -4*c + o = -560. Calculate the highest common divisor of 11421 and c.
141
Let m(u) = 2*u - 2. Let o be m(-5). Let j be (14 + -2)*66/24. Let v = o + j. Calculate the highest common divisor of v and 7.
7
Let n(l) = 5*l**2 - 2*l - 1. Let p be n(-4). Let h be (138/(-10) + 14)/(16/(-9860)*(-8)/32). What is the greatest common divisor of p and h?
29
Suppose 4*q + 851 = l - 377, -2*q + 2*l = 608. Let i = q + 332. What is the greatest common factor of i and 15?
3
Let t be (0 + 0)/(-10 + 11). Suppose t = -0*s + 5*s - 30. Suppose 74 = s*j - 100. Calculate the highest common divisor of j and 29.
29
Let v(c) = c**2 - 3. Let m be v(3). Suppose m*i + 110 = i. Let f = i + 36. Calculate the greatest common divisor of 56 and f.
14
Let j = 526 + -832. Let w be (7/((-35)/j))/((-12)/(-60)). What is the greatest common factor of 34 and w?
34
Let g = 68 - -4. Let s be ((-45)/12)/(19/(-456)). Calculate the greatest common divisor of s and g.
18
Suppose -4*m - 6 = -p + 10, -p = m - 21. Let l = -47 + 53. Let i be (-170 - -5)*(-8)/l. Calculate the greatest common divisor of p and i.
20
Suppose d = 6*d - 30. Suppose 3 = -3*g + d. Suppose -4*q + 34 = 5*m, -3*m = -3*q + 7*q - 38. Calculate the greatest common divisor of q and g.
1
Let i be (-17)/51 + (-203)/3. Let t be (-36)/8*i/6. Suppose 6*z - 225 - t = 0. Calculate the greatest common factor of z and 115.
23
Let a(o) = 2*o**2 + 15*o - 21. Let q be a(-9). Let r be q/9 - (-194)/6. What is the greatest common factor of r and 297?
33
Let v(l) = 6*l**2 - 2*l - 1. Let a be v(-2). Let g = 376 - 372. Suppose -4*y - i = -0*y - 13, -3*y + 13 = g*i. What is the highest common divisor of y and a?
3
Suppose 27*l - 32*l = -10. Suppose 42*n - l*n = 1320. Calculate the greatest common divisor of 66 and n.
33
Let p be 3*((-6)/15 + (-123)/(-45)). Let j(q) = 3 + 3*q - p*q + 3*q. Let v be j(-3). Calculate the greatest common factor of 48 and v.
6
Let f = -6233 - -7506. Calculate the highest common divisor of f and 19.
19
Let g = 1737 + -1734. Calculate the greatest common divisor of g and 57.
3
Suppose 5*o - p = 7*o - 11, 34 = 3*o + 5*p. Suppose k - 88 = 11*m - 7*m, -o*k + 3*m = -282. What is the highest common factor of 24 and k?
24
Let f(l) = l**3 - 137*l**2 - 114*l - 3167. Let t be f(138). Calculate the highest common factor of 705 and t.
5
Suppose -f = d - 8691, 4204 + 4517 = f - 4*d. What is the greatest common divisor of f and 39?
39
Let r be 50/(-3)*21/(-2). Suppose 19*l = 22*l + 270. Let o = l + r. Calculate the highest common factor of 17 and o.
17
Suppose -149 - 232 = -3*v. Suppose 0 = 5*g - 3*l - v, g = l + 1 + 24. Calculate the highest common divisor of g and 208.
26
Let x = -125 - -47. Let t = x + 240. Let n = -5597 + 5615. Calculate the greatest common factor of t and n.
18
Let r(f) = 2 + 470*f**2 + f - 114*f**2 + 2*f + 315*f**2. Let p be r(-1). What is the highest common divisor of p and 10?
10
Let a = -67 + 75. Suppose 0 = -6*o + a*o + 80. Let f = o - -61. Calculate the highest common divisor of f and 63.
21
Let s(m) = -m**3 + 25*m**2 - 4*m + 78. Let k be s(20). What is the highest common factor of k and 259?
37
Let a be 14046/135 + -1*(-22)/(-495). Calculate the highest common factor of 208 and a.
104
Let h be -16*102/(-6) + 3. Suppose 0 = 18*d - h - 409. What is the greatest common factor of d and 19?
19
Let s(k) = 3*k + 4. Suppose 18*p - 52 = 5*p. Let y be s(p). Suppose -11*d - 585 = -y*d. What is the highest common divisor of 9 and d?
9
Suppose 17 = 2*o + 1. Let v(i) = i**3 - 18*i**2 + 7*i + 41. Let q be v(18). Let j = q - 166. What is the greatest common factor of o and j?
1
Let f(o) = 11 - 8*o + 10*o - 20*o**2 + 17*o + 2*o**3. Let u be f(9). Calculate the greatest common factor of 10 and u.
10
Let m = 3121 - 367. What is the highest common divisor of m and 34?
34
Let j = 7042 + -3702. Suppose j = 8*d - 3*d - 5*g, 0 = 3*g - 6. What is the greatest common divisor of d and 10?
10
Let w be ((-1)/(-4) + 1)/((-2)/(-16)). Suppose 30070 = 18*t + 13*t. What is the highest common divisor of t and w?
10
Suppose 2*m - r + 96 = 270, -r + 90 = m. Let p be 294/9*(8 - 7 - -17)/(-7). Let g = m + p. What is the greatest common divisor of g and 3?
1
Suppose 44 + 78 = -2*l. Let w = l + 67. Suppose 0 = -15*i + w*i + 252. What is the greatest common divisor of i and 70?
14
Suppose -21134 + 4525 = -58*f + 12449. What is the greatest common divisor of 4175 and f?
167
Let g be (72/(-14))/((-14)/(-87 + -11)). Let h be -3*(-3)/g*-52. Calculate the highest common divisor of 325 and h.
13
Let t = -12531 + 13275. Calculate the highest common divisor of t and 648.
24
Let o be (3780/(-81))/(-35)*411/2. What is the greatest common factor of o and 4247?
137
Let d(n) = -n. Let j be d(0). Suppose j = -3*r + 155 + 55. Suppose -5*c = 7*c + 3114 - 3234. What is the highest common divisor of c and r?
10
Let k be (-4)/3*(-45)/6. Suppose -324*y + 320*y + 8 = 0. Suppose -y*n - 128 = -k*n. Calculate the highest common factor of n and 48.
16
Let o be (11 + (-468)/60)/((-6)/(-150)). What is the greatest common divisor of o and 2180?
20
Suppose 0 = 266*r + 148*r + 204*r - 2472. Suppose o = 3*g - 346 - 27, g = -4*o + 120. Calculate the greatest common